r of q and 168.
84
Let p = 509 + -479. Suppose 18*o = 17*o + p. What is the greatest common divisor of o and 18?
6
Suppose 5 = -r + 3*q, 2*r + 14*q = 9*q + 67. Calculate the highest common factor of 23824 and r.
16
Suppose -1062*n = -1059*n - 1944. Calculate the greatest common divisor of n and 48.
24
Let h(x) = 3*x**3 + 27*x**2 - 2. Let n be h(-9). Let a be 3/(0 + 3/(-12)). Let i be (-183)/a + 1 - n/(-8). Calculate the greatest common factor of 24 and i.
8
Let u = -650 - -213. Let k = u - -463. Calculate the greatest common factor of 2 and k.
2
Suppose h - 3*h + 216 = 0. Let o = 185 - h. Let x = 3643 - 3632. What is the greatest common divisor of x and o?
11
Suppose 1205 = 13*x - 2006 - 169. Calculate the highest common factor of x and 832.
52
Let r be (-16)/6*(-3990)/(-76). Suppose -5*c - 47 = 1413. Let v = r - c. What is the highest common factor of 19 and v?
19
Suppose 7 + 2 = -i. Let k be (69/i)/((-2)/30). Let t = 760 - 737. Calculate the highest common divisor of k and t.
23
Suppose 4902 = 25*b - 1573. What is the greatest common divisor of 1480 and b?
37
Let s = -243 - -259. Suppose -w + 0*w + s = 2*m, -17 = -m + 4*w. What is the greatest common factor of 279 and m?
9
Let d be (-42)/7*-1*(-2)/(-6). Suppose s + d*s = 18. Suppose 0 = 80*l - 85*l + 20. Calculate the greatest common factor of s and l.
2
Let r(a) = -4*a**3 + a**2 + 11*a + 21. Let s be r(-2). What is the greatest common factor of s and 2975?
35
Let n be -6*(-2 - 12/(-9)) + 16. Let u be (253 - -1) + 2 + 0. Suppose -2*y + 104 = -u. Calculate the highest common divisor of n and y.
20
Let l be (((-35)/21)/(-5))/((-3)/(-1638) - 0). What is the greatest common divisor of l and 16198?
182
Let g(h) be the first derivative of h**3/3 + 13*h**2/2 + 20*h - 267. Let k be g(-14). Let c = -56 + 328. What is the highest common factor of k and c?
34
Suppose 2*i + 12 = -14. Let s = 15 + i. Let m(v) = -3*v**2 - 208*v - 267. Let l be m(-68). What is the highest common divisor of s and l?
1
Let a = 2891 - 295. What is the highest common divisor of 44 and a?
44
Let h = 61 - 21. Suppose 433*c - 16812 + 2956 = 0. What is the highest common divisor of c and h?
8
Let l = -809 - -506. Let c = -264 - l. What is the highest common factor of 52 and c?
13
Let o(a) be the first derivative of 8*a**2 + 220*a - 123. Let l be o(-9). Calculate the greatest common factor of 76 and l.
76
Let j = -17 - -31. Let n be (24/j)/(32/560)*2. Let h be 4 - 5 - (-14 - -1). Calculate the greatest common factor of h and n.
12
Let o(t) = 29*t**2 + 17*t - 105. Let u be o(4). Suppose 0 = -3*y + 2*y + 61. What is the highest common factor of y and u?
61
Let v be -3 + 0 + 2214/(16/(-8)). Let g = v + 1123. Let t be ((-26)/(-3))/((-2)/(-6)). What is the greatest common divisor of t and g?
13
Let c be (-70)/4*88/(-55). Suppose 0 = 3*k, 5*s = 2*k + 1204 - 84. What is the greatest common divisor of c and s?
28
Let y = -26 - -41. Let v be (4 - 80/y)*6. Let g be 12/v*(-4 - 18). What is the highest common divisor of g and 3?
3
Let v(u) = -7*u**3 - u**2 + 10*u + 30. Let n be v(0). Let z = -9 - -16. Let a(k) = 2*k - 2. Let i be a(z). What is the highest common factor of n and i?
6
Suppose 168*b = 163*b + 85. Let c(s) = 7*s - 250. Let j be c(43). Calculate the highest common divisor of j and b.
17
Let t(q) = 13*q**2 + 123*q - 293. Let y be t(-14). Calculate the highest common factor of 4018 and y.
41
Let j(i) = -i**2 + 36*i + 13. Let o be ((-54)/(-7))/(-1 + 51/42). Let a be j(o). What is the greatest common divisor of 2 and a?
1
Let i(h) be the third derivative of -h**4/12 + 11*h**3 + h**2 + 18*h. Let y be i(23). What is the greatest common divisor of 30 and y?
10
Let s(u) = 139*u - 1294. Let x be s(10). Calculate the highest common divisor of 3936 and x.
96
Suppose -p + 3*k = -291, k = 9*p - 7*p - 562. Calculate the highest common factor of p and 248.
31
Suppose 73560 = -79*n + 203989. Calculate the highest common factor of n and 39.
13
Let w(o) = 438*o - 204. Let m be w(2). Calculate the greatest common divisor of 35 and m.
7
Let h = -17 + 33. Suppose 0 = -6*a + 10*a + h. Let v be ((-360)/21)/(a/28). What is the highest common divisor of v and 15?
15
Let n(m) = m**3 - 6*m**2 + 29*m - 21. Let s be n(9). Calculate the highest common factor of 819 and s.
21
Suppose -14*g + 11*g = 8*g - 70180. Calculate the greatest common factor of g and 116.
116
Suppose -3*q - 551 = -4*y, q = 5*y - q - 694. Suppose 0 = 7*p - 6*p + k - 40, 4*p - k - y = 0. Calculate the highest common factor of 9 and p.
9
Suppose -5*m + 0*m + 4*p - 1295 = 0, -5*m - 4*p - 1295 = 0. Let i = 265 + m. Calculate the greatest common factor of i and 84.
6
Let n(u) = -9*u**2 + 2*u - 2. Let o(l) = -l**2 + 1. Let z(s) = -n(s) + o(s). Let a be z(1). What is the highest common factor of 117 and a?
9
Suppose k = 17*h - 15*h + 112, -4*k + h = -455. Let u = -87 + k. Let l be (-5)/(-25)*0 - -108. Calculate the greatest common factor of l and u.
27
Suppose -56*a - 1027 + 3344 = -10675. What is the greatest common factor of a and 1073?
29
Suppose 9*u - 99 - 99 = 0. Let o be 7924/u - 42/231. Let n be (o/(-50))/(2/(-5)). What is the highest common divisor of 6 and n?
6
Let z(n) = 9 - 17*n + 34*n**3 + 14*n**2 - 35*n**3 - 4*n**2. Let l be z(8). Let i be 120/(-2)*(-3 + 1 + l). What is the highest common divisor of 6 and i?
6
Let g = -17 + 19. Suppose 7*f = -g*f + 162. Calculate the highest common factor of 66 and f.
6
Let c = -18507 - -21931. Calculate the highest common divisor of c and 32.
32
Let u be (20/(7 + -2))/2. Suppose -3*m + u*w = -37 - 1, 4*m + 5*w = 89. Let x = 10 + -6. What is the highest common factor of m and x?
4
Suppose -346*v + 610 = -349*v + 5008. Calculate the highest common divisor of 2 and v.
2
Let a be ((-70)/(-28))/(1/2). Suppose -5*h + 79 = -y - 8, -5*h - a*y + 105 = 0. Calculate the highest common factor of 234 and h.
18
Let x be ((-3332)/18*(-666)/777)/(2/3). Let t = 235 - 137. What is the greatest common factor of t and x?
14
Suppose 8*s - 22*n + 21*n = 26, 40 = 4*s + 4*n. Let a be -2*(-3)/((-9)/(-6)). What is the highest common factor of s and a?
4
Suppose 0 = -105*p + 92689 - 1864. What is the greatest common divisor of p and 215?
5
Let v be (-279488)/(-154) + ((-44)/(-14) - 3). Calculate the greatest common factor of v and 2805.
165
Let q(w) = w**2 - 4*w - 10. Let k be q(6). Let g be (6 - 1 - 2) + k + -5. Suppose g = 10*d - 6*d - 4. Calculate the highest common factor of 3 and d.
1
Suppose 73*m - 11613 - 56593 - 119039 = 0. What is the greatest common divisor of 75 and m?
15
Let a = -75 + 80. Suppose -3*h + 12 = -0*l - l, 4*h = -a*l - 3. Suppose 5*o = h*o + 16. What is the highest common divisor of 72 and o?
8
Suppose 6*x - 165 = x. Let s = -150 + 421. Let q = 326 - s. Calculate the highest common divisor of q and x.
11
Let d(o) = -o - 45. Let g(k) = 46. Let z(t) = -6*d(t) - 5*g(t). Let n be z(8). Let x be (-1 - 0)/(2/(-22)). What is the greatest common factor of n and x?
11
Let f(h) = -265*h**3 - 5*h**2 + 36 - 2*h**2 + 511*h**3 - 256*h**3. Let c be f(-4). What is the greatest common factor of c and 24?
12
Suppose -216 + 3856 = 20*g. Let k = 1204 - 1134. What is the highest common divisor of g and k?
14
Suppose -382 = -6*v + 92. Suppose 320 = x + 2*t, 4*x - 4*t - 1703 = -447. Calculate the highest common divisor of v and x.
79
Let y = 1577 - -15703. What is the highest common divisor of 240 and y?
240
Suppose f - 6*f + 4705 = 3*w, 0 = -f - 4. Calculate the highest common factor of w and 175.
175
Suppose -10 = -2*z + 12. Let y be z/(5/10 - 0). Let i = 203 - 49. What is the highest common divisor of i and y?
22
Suppose -2*u = 3*k - 36, k + u - 12 = 3*u. Let g(v) = 11*v + 125. Let s be g(-7). Calculate the highest common divisor of s and k.
12
Let v(z) = z**2 + 37*z - 162. Let q be v(4). Suppose -4*r - 10 + 38 = 0. What is the greatest common factor of r and q?
1
Suppose -4*k + 141 + 79 = 0. Suppose -5*o = -i - 20, i + o - 4 = -0*o. Suppose 2*v - 55 - k = i. Calculate the highest common divisor of 22 and v.
11
Suppose 0 = -2*t + 6*t - 80. Suppose -4*f = -5*x - 520, -128*f - 388 = -131*f + 4*x. Calculate the highest common divisor of t and f.
20
Let l = 553 + -375. Suppose -5*j = -5*i - 880, 0*j + j - 3*i - l = 0. Calculate the highest common factor of j and 105.
35
S